Is 1289397451 composite?
True
Is 78109961 a composite number?
True
Is 273178439 a prime number?
True
Is 210728539 composite?
True
Is 156781 prime?
True
Is 157418945 composite?
True
Is 227675813 a composite number?
False
Is 17364677 composite?
True
Is 46084627 composite?
False
Is 106519 a prime number?
False
Is 23282341 a prime number?
True
Is 407993 prime?
True
Is 2839007 a composite number?
False
Is 252293 prime?
True
Is 55556417 a composite number?
True
Is 75455683 composite?
False
Is 2885173 a prime number?
True
Is 5919398 composite?
True
Is 79354007 composite?
False
Is 115285429 composite?
True
Is 637817 a prime number?
True
Is 28139747 composite?
False
Is 230145493 a composite number?
False
Is 130702678 composite?
True
Is 1529204763 a composite number?
True
Is 2908747 composite?
False
Is 8153491 composite?
False
Is 8176931 a composite number?
True
Is 26435845 prime?
False
Is 3888601 composite?
True
Is 28643801 composite?
False
Is 3600451 a composite number?
False
Is 7450363 prime?
False
Is 1389539 a composite number?
False
Is 13144429 a composite number?
True
Is 3715343 composite?
False
Is 191930069 composite?
False
Is 4844831 a composite number?
False
Is 1825963 a prime number?
True
Is 6920629 a composite number?
False
Is 57723703 composite?
True
Is 385102763 a composite number?
True
Is 855193 composite?
True
Is 1562863 composite?
False
Is 99066143 composite?
True
Is 79688311 a prime number?
True
Is 1615327 composite?
True
Is 1976562623 composite?
True
Is 8070973 composite?
True
Is 3003551 composite?
False
Is 688999 a prime number?
True
Is 3988715 a composite number?
True
Is 56255963 a composite number?
True
Is 383648929 a prime number?
True
Is 1260065 composite?
True
Is 5810867 a prime number?
False
Is 101610815 a prime number?
False
Is 27140527 prime?
False
Is 1254901 a composite number?
True
Is 3371827 composite?
True
Is 1182601603 a prime number?
False
Is 40175567 a prime number?
True
Is 48859243 a composite number?
False
Is 18463409 prime?
False
Is 4512683 a prime number?
False
Is 2179677 a composite number?
True
Is 172869563 a composite number?
False
Is 99367 a prime number?
True
Is 2754907 a composite number?
False
Is 1286939 composite?
False
Is 84202511 prime?
True
Is 125706101 prime?
True
Is 22925173 a composite number?
True
Is 10399589 prime?
False
Is 139684217 a composite number?
False
Is 36728519 a composite number?
False
Is 17137061 prime?
True
Is 1535663 a composite number?
False
Is 472007 a composite number?
True
Is 32713683 prime?
False
Is 213662693 a prime number?
True
Is 181786027 prime?
True
Is 2314967 a prime number?
False
Is 473245 a prime number?
False
Is 695561 prime?
True
Is 3984229 a composite number?
False
Is 2812883 composite?
False
Is 234138941 a prime number?
True
Is 4699339 a composite number?
False
Is 19883573 composite?
True
Is 4848647 prime?
False
Is 453537901 prime?
True
Is 11861327 prime?
True
Is 20915479 a prime number?
False
Is 45703891 a prime number?
False
Is 16545301 a composite number?
True
Is 1780087 prime?
False
Is 116388046 prime?
False
Is 16277 prime?
False
Is 188769599 composite?
False
Is 60335069 a composite number?
False
Is 190795999 composite?
True
Is 2517041 a prime number?
True
Is 170728282 a composite number?
True
Is 5220961 prime?
True
Is 213066221 a composite number?
True
Is 930959 composite?
True
Is 33519865 prime?
False
Is 1430599 a composite number?
True
Is 3358889 a prime number?
True
Is 6101393 a prime number?
True
Is 51280787 a prime number?
False
Is 156778031 a composite number?
True
Is 361869721 a composite number?
True
Is 34426571 a prime number?
True
Is 4049569 a composite number?
False
Is 3018691 composite?
True
Is 14474465 composite?
True
Is 51660803 prime?
False
Is 2883143 prime?
True
Is 17126687 a prime number?
True
Is 74154313 prime?
False
Is 261176941 composite?
False
Is 98962541 composite?
False
Is 3777583 a composite number?
True
Is 3064253 a prime number?
False
Is 4246922 composite?
True
Is 9352955 composite?
True
Is 9634697 composite?
False
Is 5458253 a composite number?
False
Is 89530082 prime?
False
Is 7913733 prime?
False
Is 49919185 prime?
False
Is 1062221 prime?
False
Is 2803279 a prime number?
False
Is 64093565 composite?
True
Is 1496087 composite?
True
Is 75700549 a prime number?
True
Is 16848179 composite?
False
Is 25116041 prime?
True
Is 118092853 a composite number?
True
Is 776857 composite?
True
Is 475597 composite?
False
Is 169185111 a prime number?
False
Is 169589597 a prime number?
True
Is 886967 a composite number?
False
Is 15343951 a prime number?
False
Is 36436139 a composite number?
True
Is 10012313 a prime number?
True
Is 146082007 composite?
True
Is 52444681 prime?
False
Is 195068303 a prime number?
True
Is 11906729 a prime number?
True
Is 17716967 prime?
True
Is 3152689 a prime number?
False
Is 50325815 composite?
True
Is 3232011 a prime number?
False
Is 79281011 composite?
False
Is 958811 prime?
False
Is 3271 a prime number?
True
Is 1065937 composite?
False
Is 108343 a prime number?
True
Is 7614767 prime?
False
Is 6927487 composite?
True
Is 3833983 a prime number?
False
Is 179483081 a prime number?
True
Is 61020677 a prime number?
True
Is 4955761 a composite number?
False
Is 873403 composite?
False
Is 32707183 a prime number?
True
Is 977507 a prime number?
True
Is 6294241 a composite number?
False
Is 5029907 a prime number?
True
Is 184932707 a composite number?
False
Is 662860349 a composite number?
False
Is 11474389 prime?
True
Is 103644959 a composite number?
True
Is 74421977 a composite number?
True
Is 3383203 a prime number?
True
Is 114120067 prime?
True
Is 30133171 prime?
True
Is 179878 prime?
False
Is 1151999 a composite number?
False
Is 1772207 a prime number?
False
Is 2862617 a composite number?
False
Is 148084883 composite?
False
Is 2451973 a prime number?
True
Is 362871031 prime?
True
Is 1716389 a prime number?
True
Is 3672089 composite?
False
Is 116371 a composite number?
False
Is 29277581 a prime number?
True
Is 469672663 a prime number?
True
Is 4065331 prime?
True
Is 11717627 a prime number?
False
Is 5437 prime?
True
Is 44201191 a composite number?
True
Is 108507827 composite?
False
Is 3999871 a composite number?
False
Is 75324229 a composite number?
True
Is 10697423 prime?
False
Is 146474 composite?
True
Is 947021 a composite number?
True
Is 97154921 a composite number?
True
Is 9459031 a prime number?
False
Is 22853905 a composite number?
True
Is 4731191 a prime number?
True
Is 45582029 a composite number?
False
Is 36827 composite?
True
Is 1467877 prime?
False
Is 16948159 prime?
False
Is 196765673 a prime number?
False
Is 63550118 composite?
True
Is 109915111 composite?
True
Is 722697 prime?
False
Is 23486423 a composite number?
True
Is 193675039 a composite number?
False
Is 31873993 composite?
True
Is 17899747 a prime number?
True
Is 571057 prime?
False
Is 207129491 a prime number?
False
Is 3882587 a composite number?
False
Is 55791997 prime?
False
Is 7929899 composite?
False
Is 6002849 composite?
False
Is 383588261 a composite number?
True
Is 61089389 prime?
False
Is 10217917 a composite number?
False
Is 44778971 a composite number?
False
Is 2414591 a prime number?
True
Is 1411117 a composite number?
False
Is 16081939 composite?
True
Is 23602283 a prime number?
False
Is 81479561 a composite number?
False
Is 133568327 composite?
True
Is 11675983 composite?
True
Is 410433 composite?
True
Is 24884247 a composite number?
True
Is 12117445 composite?
True
Is 65803303 a composite number?
False
Is 916241 composite?
True
Is 12275861 composite?
True
Is 25328779 prime?
False
Is 14282077 a prime number?
True
Is 13324931 a composite number?
False
Is 65593237 a prime number?
True
Is 5481149 composite?
True
Is 176710873 a prime number?
True
Is 17023477 a prime number?
False
Is 2522741 a prime number?
False
Is 109360283 a prime number?
True
Is 1145741 a composite number?
False
Is 8909387 a prime number?
True
Is 5351947 a composite number?
False
Is 108998927 a prime number?
True
Is 26526367 prime?
False
Is 14479607 prime?
True
Is 13298829 a prime number?
False
Is 308295989 a composite number?
False
Is 239098199 composite?
True
Is 183739357 a composite number?
False
Is 17148871 composite?
True
Is 1541467 prime?
False
Is 5336831 a composite 